 - 4*c + 6. Let p be d(u). Let v = 39 + -12. What is the highest common divisor of v and p?
9
Let u be (-2)/(-4)*-25*2. Let f = -14 - u. Calculate the highest common factor of f and 77.
11
Suppose -t + 11 = 3*l - 0, -2*l + 24 = 4*t. Suppose 0*y - 1 = l*u + y, -3*y - 15 = 0. Calculate the greatest common divisor of 16 and u.
2
Suppose 4*l + 28 = -2*i + 214, 3*i + 9 = 0. What is the highest common divisor of 120 and l?
24
Let t = 9 + -18. Let p be t*(1 + 1 - 3). Let z(m) = 7*m + 1. Let s be z(5). Calculate the greatest common divisor of s and p.
9
Let d(g) = g**3 + 7*g**2 - 17*g + 10. Let n be d(-9). Let q be ((-4)/(-6))/(6/9). What is the highest common factor of n and q?
1
Let u be 56/(-3)*((-77)/(-14) + -7). Calculate the highest common divisor of 98 and u.
14
Suppose 0 = -9*y + 7*y + 288. Let t(m) = m**2 - 2*m + 3. Suppose -27 + 7 = -4*g. Let s be t(g). What is the highest common divisor of s and y?
18
Suppose -r + 9 = -3. Suppose q - 8 = -4*p, -2*p - 26 = -5*q + 3*q. Suppose g + q = 2*g. Calculate the highest common factor of r and g.
12
Let t(p) = -5*p + 3. Let w be t(-3). Suppose 23*r - 220 = w*r. What is the greatest common factor of r and 4?
4
Suppose -2*y - 22 = -4*y. What is the highest common divisor of 33 and y?
11
Suppose 24 = 4*q - 4*c, -2*q - 2*c = -3*q + 4. Calculate the highest common factor of 24 and q.
8
Let x be (29 - 28)/(1/(-52)*-2). What is the highest common divisor of x and 52?
26
Let p(z) = z**3 - 6*z**2 - 8*z + 8. Let v be p(7). What is the greatest common divisor of v and 2?
1
Let z = 6 - -48. Calculate the greatest common divisor of 135 and z.
27
Let r be 8 - (1 + 0 - 1). Let m = -161 - -292. Suppose 0 = 3*y - m - 37. Calculate the highest common factor of r and y.
8
Suppose -4*j + m - 7 = -8*j, 0 = -3*j - 4*m + 2. Let b be (1 - j) + (1 - -9). Let x = -134 - -233. What is the greatest common divisor of x and b?
9
Let x = -49 + 35. Let y be 54/(-21)*x/3. What is the greatest common divisor of y and 36?
12
Let p = -82 - -126. Calculate the greatest common divisor of 11 and p.
11
Suppose -97 = -y + 5*q + 11, 4*y = 2*q + 396. What is the greatest common divisor of y and 49?
49
Let z(o) = -o**2 - 19*o - 8. Let x be z(-18). Let d(h) = 18*h + 2. Let w be d(6). What is the highest common factor of w and x?
10
Let l be (4 + 604/(-8))/((-1)/2). What is the greatest common factor of l and 13?
13
Let u be 3/6*1*-38. Let q = u - -30. Calculate the highest common factor of q and 77.
11
Let i = 3 + -12. Let r be (-130)/(-3) + (-6)/i. Calculate the highest common factor of 11 and r.
11
Let w(a) = -3*a + 60. Let j be w(0). Calculate the greatest common factor of 15 and j.
15
Let p = 149 + -115. Calculate the highest common divisor of p and 68.
34
Suppose -9*a = -4*a - 35. Calculate the highest common factor of a and 14.
7
Suppose 3*t = -4*k + 329, 3*k = -t + 3*t + 234. Suppose 3*n = 0, 2*n + k = 5*p - 0*p. Calculate the greatest common divisor of 80 and p.
16
Let y be 2/((-6)/(-1))*(-2 - -8). Calculate the highest common factor of 18 and y.
2
Suppose 9 = 3*a + 4*t, 3*t = 5*a + t - 15. Let u = -3 + a. Let x(s) = -s + 15. Let j be x(u). What is the greatest common factor of 105 and j?
15
Suppose 792 = 5*y - 333. Calculate the highest common factor of y and 25.
25
Suppose 26*k - 28*k - b + 25 = 0, b = k - 11. Suppose 4*s + 224 = 4*p, 0*s - 5*s + 80 = p. Calculate the highest common divisor of k and p.
12
Let o(k) = 5*k**3 - 14*k**2 + 8*k + 4. Let v(y) = y**3 - y**2 - y + 1. Let f(s) = -o(s) + 4*v(s). Let h be f(8). What is the greatest common divisor of h and 4?
4
Suppose 5*d = -5*p + 155, 2*p - 92 = 2*d + 2*d. Calculate the greatest common divisor of p and 24.
12
Suppose -4*c + 19 + 21 = 0. Let s = 2 + 0. What is the highest common factor of s and c?
2
Let f = 283 + -19. What is the highest common factor of 24 and f?
24
Let a = -25 - -45. Suppose 216 = 2*v - 4*s, 444 = 3*v - 2*s + 136. Suppose -d - v = -3*d. What is the greatest common factor of a and d?
10
Let h(b) = -24*b**3 + 5*b + 5. Suppose -6*z = -9*z - 6. Let p be h(z). Calculate the greatest common divisor of p and 17.
17
Suppose -4 = -0*y - 2*y. Suppose i - 6 = -y*i. What is the highest common divisor of 22 and i?
2
Let q = -14 + 26. Let i(z) = 3*z - 3. Let j be i(2). Suppose 0 = 2*o - j*o - 3*c + 108, c + 188 = 2*o. Calculate the highest common factor of q and o.
12
Suppose 0 = q - 2 + 4, -5*p + 2*q = -1234. Suppose -5*o + p = -254. What is the greatest common factor of o and 40?
20
Let l = 74 - -52. Calculate the greatest common factor of 28 and l.
14
Suppose -4*j - 42 = -6*j. Calculate the greatest common divisor of 147 and j.
21
Let i(j) = 7*j + 19. Let a(x) = 4*x + 10. Let c(u) = 11*a(u) - 6*i(u). Let g be c(5). Calculate the highest common factor of 54 and g.
6
Let t(a) = 2*a - 7. Let y = 2 - -3. Let p be t(y). Suppose -45 = -2*c - p*c. What is the greatest common divisor of 72 and c?
9
Suppose 16 = 18*q - 14*q. Suppose -b - q*b = -65. Calculate the greatest common factor of b and 26.
13
Suppose 0 = -2*d - 2*d + 60. What is the highest common divisor of 6 and d?
3
Suppose -3*x - 105 = -10*x. Let m(v) = 6*v**2 + 4*v - 5. Let h be m(5). What is the highest common factor of x and h?
15
Suppose -t + 3*m = -27, 125 + 16 = 4*t - m. Suppose -5*i + 112 = -0*i + 2*w, -32 = -i + 2*w. Calculate the highest common divisor of i and t.
12
Let c be (-8)/(-36) + (-191)/9. Let k = -12 - c. Suppose 0 = -4*b + 12, -u - k = -2*u + b. Calculate the greatest common factor of u and 60.
12
Let h be (-4)/6 + 212/3. Let m(n) = -41 + 7*n**2 + 41. Let j be m(-2). Calculate the greatest common divisor of j and h.
14
Let v(q) = 4*q**2 + 6*q + 2. Let m be v(-2). What is the greatest common factor of m and 42?
6
Suppose 7*d - 8 = 2*d + p, -4*p = -2*d + 14. Let o be (4 - -2)*d/1. Let q = -11 + 53. Calculate the highest common divisor of o and q.
6
Let y(u) = u + 4. Let r be y(8). Let f(j) = 3*j + 3. Let i be f(r). Calculate the highest common factor of i and 13.
13
Let b = 184 + -178. What is the highest common factor of b and 138?
6
Suppose 60 = 6*h - 3*h. Calculate the highest common divisor of 60 and h.
20
Suppose 6*d + 216 = 7*d. Suppose -2*t + t = -c + 36, 5*c - d = -4*t. Calculate the highest common factor of c and 5.
5
Let g(j) = -33*j + 1. Let t be g(-3). What is the highest common factor of t and 20?
20
Suppose -3*m + 75 = -81. What is the highest common divisor of m and 13?
13
Let y be (-1)/3 + (-4)/(-3). Let o be (9/(-6))/(y/(-24)). What is the highest common factor of 9 and o?
9
Suppose -5*g = 3*z - 669, -3*g + 673 = 2*g + z. What is the greatest common factor of 15 and g?
15
Suppose -72 = -q + 4*q. Let g(j) = j**3 + 4*j**2 - 5*j - 6. Let s be g(-5). Let h = s - q. Calculate the greatest common factor of h and 2.
2
Let c(p) = -10*p. Let v be 2 - (1 + -3) - 1. Let o be c(v). Let j = o + 48. Calculate the highest common factor of j and 36.
18
Let n(m) be the third derivative of 7*m**6/120 - m**5/30 - m**4/24 + m**3/3 + 2*m**2. Let w be n(2). Calculate the highest common divisor of 72 and w.
24
Let i(y) = 48*y - 12. Let g be i(9). Suppose 0 = 2*q + 2*q - g. What is the greatest common divisor of q and 15?
15
Let s be (20/9)/(2/9). What is the highest common factor of 35 and s?
5
Suppose 88 = -5*z - m, -3*m - 24 = z - 6*m. Let k be (-4)/z + (-305)/(-45). Suppose -2*o = -o - 63. Calculate the highest common factor of k and o.
7
Suppose 27 = 3*c - 2*j - 29, 3*c - 28 = -5*j. Let z(q) = 8*q**2 + 3*q - 4. Let v be z(-4). What is the highest common factor of c and v?
16
Let j(h) = 3*h - 5. Let g be j(6). Let a = -9 + g. Suppose 0 = 3*t - a*t + 44. Calculate the greatest common factor of 4 and t.
4
Let l(j) = -16*j. Let y be l(-3). Let o be ((-4 - -6) + 3)*(-16)/5. Let c = o + y. What is the greatest common divisor of 8 and c?
8
Let p = 208 + -149. Let g be -2 + 2 + p - 3. What is the greatest common divisor of 7 and g?
7
Suppose 3*s - 4*y = 29, -3*s + y = -21 - 2. Calculate the greatest common factor of 42 and s.
7
Suppose 3*j - a = 2*a + 15, 0 = -3*a - 9. Let w be 2*11 - (j + 0). Calculate the greatest common factor of w and 40.
20
Suppose -10 = 3*w - w. Let o = w - -11. Calculate the greatest common factor of o and 9.
3
Let s(g) = -3*g - 3. Let c be s(-2). Suppose 3*v - 30 = -5*a, 5*a - 3*a - 